f 3*l**2/2 - l + 3. What is the units digit of x(3)?
8
Let i(u) = 3*u + 1. Let w(j) = 10*j + 3. Let g(f) = 11*i(f) - 4*w(f). What is the tens digit of g(-2)?
1
Let j be 3*(-3)/(-9) - -28. Suppose -3*h + 3*x = 0, 4*h + 4*x - j + 5 = 0. Suppose -5*q + 7 = -h*a + 35, 4*q = 4. What is the tens digit of a?
1
Let o be 9/(-18)*(-4)/2. Let p = o + 5. What is the units digit of p?
6
Let t = 36 + -19. What is the units digit of t - (3 + -1 + -3)?
8
Let g = -107 - -58. What is the tens digit of (-1344)/g + (-8)/(-14)?
2
Let n(u) = -5*u**2 + 3*u. Let d be n(2). Let v = d - -20. What is the units digit of v?
6
Let c be 1 - (-2)/(-1) - -1. Let b be -8 + 1 + c + -2. What is the units digit of 2/(-9) - 74/b?
8
Let t = -82 - -192. What is the hundreds digit of t?
1
Suppose 15 + 5 = 5*b + 2*l, 0 = -2*l + 10. Suppose 1 + 17 = b*x. Suppose 0 = 4*p + x - 25. What is the units digit of p?
4
Let x be (-2 + 3)*1*-3. Let i = x + 4. What is the units digit of i + 1 - (-2 - -1)?
3
Suppose -5*y + 17 = 2*m + m, -4*y - 20 = 0. What is the units digit of m?
4
Suppose t - 5*m = 27, 9*t - 54 = 4*t - 2*m. Suppose 0 = -h + 5*h - t. Suppose -4*x + 4*f = 2*f - 18, h*x - 3*f - 21 = 0. What is the units digit of x?
2
Suppose 0*z + 5*z - 20 = 0. Let l(d) = -d**2 - 4*d + 1. Let q be l(-2). Suppose -q*h = -z*h - 9. What is the units digit of h?
9
Let g = -9 + 11. Suppose 0*p - g*p = -4. Suppose 4*t - 44 = -3*m, -2*m - p*t = -11 - 15. What is the units digit of m?
8
Let d(z) = z**3 - 10*z**2 + 9*z - 5. Let o be d(9). Let k(u) = u**3 + 5*u**2 + 2. What is the units digit of k(o)?
2
Suppose -2*l - 3*v + 4 = 0, 3*v = 4*v. Suppose -2*f = 2 - 20. Suppose 2*z + 14 = 4*a, 5*a - l*a - f = 3*z. What is the units digit of a?
4
Let k = 10 - 8. Suppose -90 = -k*n - n. What is the tens digit of n?
3
Suppose 3 = 3*f - 3. Suppose f*n - 2*z = 38, -69 = 3*n - 7*n - 3*z. What is the tens digit of n?
1
Let z = 9 + -6. Suppose 4*b = 2*j - 8, z*j - 4*b = -2*b + 20. What is the units digit of j?
8
Suppose 7*x + 6*x = 1911. What is the units digit of x?
7
Let b(i) = -2*i**2 - 22*i - 6. What is the tens digit of b(-9)?
3
Let n = 13 + -10. Suppose 2*t + 0*k - 23 = n*k, -2*t + 2 = 4*k. What is the units digit of t?
7
Let m(v) = 5*v**2 + v. Let l be m(-1). Let b = l + 6. What is the tens digit of b?
1
Let l be 255/34*8/10. Suppose l*g - 54 = -0*g. What is the units digit of g?
9
Suppose -6*a + 525 = -1455. What is the units digit of a?
0
Let q(h) = 8*h + 7. What is the tens digit of q(3)?
3
What is the tens digit of (0 - 1)/((-2)/52)?
2
Suppose -2*h + 5*i - 8 - 27 = 0, 4*h + 25 = i. What is the tens digit of h/15 + (-58)/(-3)?
1
Let v(c) = -4*c + 24. What is the tens digit of v(-16)?
8
Let d be (-35)/(-2) - 1/(-2). Suppose 4*b = d - 6. Suppose t + 5 = -0*t, 3*m - 9 = -b*t. What is the units digit of m?
8
Suppose 4*g = 3*x - 31, -2*g - 18 = -2*x - 0*x. Let y = 3 + x. What is the units digit of y?
8
Let t(o) = o**2 - 4*o - 1. Let f be t(5). Suppose f*c = 2*c + 24. What is the tens digit of c?
1
Let m(z) = -z + 1. Let q be m(-1). Suppose 3*d + q*d = 70. What is the tens digit of d?
1
Let x(c) = -c**3 + c**2 + c - 3. Let p be x(0). What is the units digit of 20 + (p - -5) + 1?
3
Let p(z) = 2*z**2 - 8*z + 8. What is the tens digit of p(8)?
7
What is the units digit of (-6)/21 + (-186)/(-14)?
3
Suppose -2*q = -q. Suppose -4*h = 2*x - 118, 2*h = -4*x - q*x + 218. What is the tens digit of x?
5
Suppose 0 = -4*u + 5*w - 3*w + 22, u + 17 = -4*w. Suppose 2*i + 3*z - 5 = 0, z = -4*i + u*i + 4. What is the units digit of i?
7
Let m(j) = j**2 + 3*j + 4. Let u = 4 + -7. Let o be m(u). Suppose 4*q - o = 32. What is the units digit of q?
9
Let m be 10/(3 + 2 + -3). Suppose -5 = -m*h - 0. What is the units digit of h?
1
Suppose -5*y + 29 = 4*t - 6, 0 = 3*t. Suppose 5*k + 10 + 3 = 4*h, 3*k + y = 2*h. Suppose 2*d = -h*i - 2, 0 + 6 = -i - 2*d. What is the units digit of i?
4
Let m(l) = -l**3 - 10*l**2 + 7*l - 10. Let g be ((-44)/6)/((-6)/(-9)). What is the units digit of m(g)?
4
Let m be (-1 + 41)/2 - -1. Suppose -s + 2*s - 4*a = 18, 2*s - 3*a - m = 0. What is the units digit of s?
6
Let s(y) = -y**3 + 2*y**2 + 4*y - 1. What is the units digit of s(3)?
2
Suppose 252 = w + 5*w. What is the tens digit of w?
4
Let c(a) = -a**2 + 4*a. Let j be c(4). Let v(z) = z + 3. What is the units digit of v(j)?
3
Suppose 5*r - 2*d - 6 = -0, 0 = 4*r - 2*d - 4. What is the units digit of (2/(-4))/((-1)/r)?
1
Suppose 4*y - 129 = 455. What is the hundreds digit of y?
1
What is the tens digit of ((-33)/1)/(1/(-2))?
6
Suppose -7*z + 2*z + 615 = 0. What is the hundreds digit of z?
1
Suppose 3*m + 3*v - 6 = -0*v, 5*v - 5 = -4*m. Suppose -m*p + 2*k + 44 = -0*p, -4*k - 8 = 0. What is the units digit of p?
8
Let c(b) = -b + 43. What is the tens digit of c(0)?
4
Let q = -10 + 14. Let a = q + 5. What is the units digit of a?
9
Let l be 8 + (-6)/(-2) + -1. Let t = -9 + l. What is the units digit of t?
1
What is the tens digit of (-3)/((-9)/(-6))*594/(-12)?
9
Let w(u) = -u**2 - u. Let m be w(-1). Let s(a) = 7 + 4*a - 4*a - a. What is the units digit of s(m)?
7
Let i = 8 - 11. What is the units digit of (i/(-1))/(6 - 5)?
3
Let m = 9 - 3. Let f = m + 18. Suppose 0*n = 4*n - f. What is the units digit of n?
6
Suppose o + 3*i = 2*o - 14, 5*i + 25 = 0. Let a = -3 - o. What is the units digit of (-3)/(-6) - 23/a?
2
Suppose -2*n - 3*l + 20 = -7*l, -3*n = -5*l - 26. Let z(r) = r - 3. Let u be z(3). Suppose -n*a + 3*a - 9 = u. What is the units digit of a?
9
Let f(g) = -3*g - 13. Let t be f(-9). Let p = 24 - t. What is the units digit of p?
0
What is the units digit of (-655)/(-20) - 2/(-8)?
3
Let q be 41/(-4) - 2/(-8). What is the tens digit of (-2)/5 + (-174)/q?
1
Suppose 4*r - 20 = -r. Let c = r - 4. Suppose 4*s - 5*y - 45 = -c*s, -3*y + 54 = 3*s. What is the units digit of s?
5
Let h = -129 - -181. What is the units digit of h?
2
Suppose -5*w = -8*w + 192. What is the units digit of w?
4
Let u(g) be the third derivative of -7*g**6/60 - g**4/24 - g**3/6 + g**2. What is the tens digit of u(-1)?
1
Suppose -2*b + 198 = -0*b. Suppose c - 36 = -c + 4*n, -b = -4*c - n. What is the tens digit of c?
2
Let o = 210 - 48. What is the hundreds digit of o?
1
What is the tens digit of ((-4)/8)/((-1)/2)*217?
1
Suppose -6*i + 13*i - 147 = 0. Let f(s) = -s**3 - 5*s**2 - 2*s + 3. Let u be f(-5). Let c = i - u. What is the units digit of c?
8
What is the hundreds digit of ((-1428)/(-70))/(1/5)?
1
Suppose 4*b - 12 = b. Let x(p) = -p**2 + 5*p - 1. Let n be x(2). Suppose n = b*u - 15. What is the units digit of u?
5
Let g be -2 - 2*20/(-4). What is the tens digit of 236/g + (-2)/4?
2
Let w be 0 - (-5 + 2 + -2). Suppose -16 = -w*k + 9. Suppose -5*v + 60 = k*b, 0 = -2*v - 3*v - 2*b + 63. What is the tens digit of v?
1
Suppose -3*t + 112 = 2*r, 3*r + 65 = 3*t - 37. What is the units digit of t?
6
Let p = -10 + 13. Suppose 68 = 4*y - m, -y + p*m - 4*m + 17 = 0. What is the units digit of y?
7
Suppose -7*c = -5*c - 60. What is the units digit of c?
0
Suppose 738 = 7*l - 816. What is the units digit of l?
2
Let x(n) = -2*n + 3. Suppose -9 = 2*z - 4*t + 5, -2*t = 3*z + 21. What is the tens digit of x(z)?
1
Suppose 243 = -4*v + 7*v. What is the tens digit of v?
8
Let u(p) = 5*p - 1. Let z be u(9). Suppose -33 = -3*r - g + 6*g, -g = 4*r - z. What is the tens digit of r?
1
Let j = 1 - 1. Suppose 4*l = -4*b + 20, j = -2*l + b + 6 + 13. What is the units digit of l?
8
Let y(c) = -c**3 - 22*c**2 + 16*c - 27. What is the units digit of y(-23)?
4
Let c(o) = 2*o**2 - 2*o - 2. Let h be c(2). What is the units digit of ((-7)/(-2))/(h/4)?
7
Suppose -b + 11 = -5*j, -5*b + 3*j + 3 - 14 = 0. Let s(h) = -h - 1. Let w(k) = k**2 + 7*k + 1. Let c(n) = -3*s(n) - w(n). What is the units digit of c(b)?
2
Let r(o) = 4*o**2 + 2*o + 1. What is the units digit of r(-2)?
3
Let x = 110 - 27. Let l = x + -55. What is the units digit of l?
8
Suppose -3*b = 3*r - 474, 2*r + 3*b - 4*b - 310 = 0. What is the tens digit of r?
5
Let j(k) = 5*k**2 - 28 + 19 + 4*k - 2*k**2. What is the tens digit of j(4)?
5
Suppose -3*r + 26 = -r. What is the tens digit of r?
1
What is the tens digit of (4/(-14) + 52/(-112))*-96?
7
Let r(i) = -i - 1. Let v be r(-4). Let z be 64/6 + 1/v. Let q = -3 + z. What is the units digit of q?
8
Let z = -16